{"id":215,"date":"2026-03-23T13:45:30","date_gmt":"2026-03-23T12:45:30","guid":{"rendered":"https:\/\/site18.monsitecommeunpro.fr\/?page_id=215"},"modified":"2026-03-23T14:25:56","modified_gmt":"2026-03-23T13:25:56","slug":"__trashed","status":"publish","type":"page","link":"https:\/\/site18.monsitecommeunpro.fr\/?page_id=215","title":{"rendered":"sejour aux gorges"},"content":{"rendered":"\n<p>dates du s\u00e9jour : du jeudi 14 mai au dimanche 17 mai.<\/p>\n\n\n\n<p>                                                          Les 3 circuits propos\u00e9s et l&rsquo;organisation du mat\u00e9rielle et \u00e9quipements : <\/p>\n\n\n\n<figure class=\"wp-block-table\"><table class=\"has-fixed-layout\"><tbody><tr><td>LOISIR SENTIER VIDAL :<\/td><td>DEBUTANT SENTIER BLANC MARTEL II :<\/td><td>EXPERT SENTIER DE L&rsquo;IMBUT:<\/td><td>Organisation mat\u00e9rielle et \u00e9quipements:<\/td><\/tr><tr><td>accessible a tous<\/td><td>15\/16 km<\/td><td>Itin\u00e9raire tr\u00e8s min\u00e9ral et encaiss\u00e9<\/td><td>transports : covoiturage ou navette selon le circuit<\/td><\/tr><tr><td>parcours agr\u00e9able pour profiter des paysages sans efforts<\/td><td>Navette possible depuis Le palud sur Verdon<\/td><td>R\u00e9serv\u00e9 aux randonneurs exp\u00e9riment\u00e9s<\/td><td>h\u00e9bergement : gite ou auberge locale<\/td><\/tr><tr><td>nom du sendier : vidal<\/td><td>Ideal pour d\u00e9couvrir le canyo<\/td><td>D\u00e9part du parking des cavaliers<\/td><td>\u00e9quipements : chaussure de randonn\u00e9e , vetements adapt\u00e9s , gourde , casque pour certains passages<\/td><\/tr><\/tbody><\/table><\/figure>\n\n\n\n<div class=\"wp-block-file\"><a id=\"wp-block-file--media-a7296c5a-b001-41b5-bea7-1d55e55595d2\" href=\"https:\/\/site18.monsitecommeunpro.fr\/wp-content\/uploads\/2026\/03\/bulletin-dinscription-2.docx\">bulletin d&rsquo;inscription<\/a><a href=\"https:\/\/site18.monsitecommeunpro.fr\/wp-content\/uploads\/2026\/03\/bulletin-dinscription-2.docx\" class=\"wp-block-file__button wp-element-button\" download aria-describedby=\"wp-block-file--media-a7296c5a-b001-41b5-bea7-1d55e55595d2\">T\u00e9l\u00e9charger<\/a><\/div>\n\n\n\n<figure class=\"wp-block-image size-full\"><img loading=\"lazy\" decoding=\"async\" width=\"1024\" height=\"683\" src=\"https:\/\/site18.monsitecommeunpro.fr\/wp-content\/uploads\/2026\/03\/gorges-du-verdon-iStock-474863300-1024x683-1.jpg\" alt=\"\" class=\"wp-image-221\" srcset=\"https:\/\/site18.monsitecommeunpro.fr\/wp-content\/uploads\/2026\/03\/gorges-du-verdon-iStock-474863300-1024x683-1.jpg 1024w, https:\/\/site18.monsitecommeunpro.fr\/wp-content\/uploads\/2026\/03\/gorges-du-verdon-iStock-474863300-1024x683-1-300x200.jpg 300w, https:\/\/site18.monsitecommeunpro.fr\/wp-content\/uploads\/2026\/03\/gorges-du-verdon-iStock-474863300-1024x683-1-768x512.jpg 768w\" sizes=\"auto, (max-width: 1024px) 100vw, 1024px\" \/><figcaption class=\"wp-element-caption\">D\u00e9ouvrez les Gorges du Verdon pendant le Pont de l&rsquo;Ascension<\/figcaption><\/figure>\n\n\n\n<p>Profitez du long week-end de l&rsquo;Ascension pour vivre une exp\u00e9rience inoubliable dans les Gorges du Verdon !<\/p>\n\n\n\n<ul class=\"wp-block-list\">\n<li>Circuit pour tous niveaux : Loisir , D\u00e9butant , Expert<\/li>\n\n\n\n<li>Paysages spectaculaires et sentiers historiques <\/li>\n\n\n\n<li>Imersion 100% nature <\/li>\n<\/ul>\n\n\n\n<p><strong>ATTENTION : La salle FEETNESS sera fermer du jeudi 30 mai au dimanche 2 juin pour cause de s\u00e9jour dans les GORGES du Verdon.<\/strong><\/p>\n\n\n\n<figure class=\"wp-block-image size-full is-resized\"><img loading=\"lazy\" decoding=\"async\" width=\"750\" height=\"500\" src=\"https:\/\/site18.monsitecommeunpro.fr\/wp-content\/uploads\/2026\/03\/reseaux-sociaux.png\" alt=\"\" class=\"wp-image-228\" style=\"aspect-ratio:1.5000148152537853;width:468px;height:auto\" srcset=\"https:\/\/site18.monsitecommeunpro.fr\/wp-content\/uploads\/2026\/03\/reseaux-sociaux.png 750w, https:\/\/site18.monsitecommeunpro.fr\/wp-content\/uploads\/2026\/03\/reseaux-sociaux-300x200.png 300w\" sizes=\"auto, (max-width: 750px) 100vw, 750px\" \/><\/figure>\n\n\n\n<p><\/p>\n","protected":false},"excerpt":{"rendered":"<p>dates du s\u00e9jour : du jeudi 14 mai au dimanche 17 mai. Les 3 circuits propos\u00e9s et l&rsquo;organisation du mat\u00e9rielle [&hellip;]<\/p>\n","protected":false},"author":1,"featured_media":0,"parent":0,"menu_order":0,"comment_status":"closed","ping_status":"closed","template":"","meta":{"site-sidebar-layout":"default","site-content-layout":"","ast-site-content-layout":"default","site-content-style":"default","site-sidebar-style":"default","ast-global-header-display":"","ast-banner-title-visibility":"","ast-main-header-display":"","ast-hfb-above-header-display":"","ast-hfb-below-header-display":"","ast-hfb-mobile-header-display":"","site-post-title":"","ast-breadcrumbs-content":"","ast-featured-img":"","footer-sml-layout":"","ast-disable-related-posts":"","theme-transparent-header-meta":"","adv-header-id-meta":"","stick-header-meta":"","header-above-stick-meta":"","header-main-stick-meta":"","header-below-stick-meta":"","astra-migrate-meta-layouts":"default","ast-page-background-enabled":"default","ast-page-background-meta":{"desktop":{"background-color":"var(--ast-global-color-5)","background-image":"","background-repeat":"repeat","background-position":"center center","background-size":"auto","background-attachment":"scroll","background-type":"","background-media":"","overlay-type":"","overlay-color":"","overlay-opacity":"","overlay-gradient":""},"tablet":{"background-color":"","background-image":"","background-repeat":"repeat","background-position":"center center","background-size":"auto","background-attachment":"scroll","background-type":"","background-media":"","overlay-type":"","overlay-color":"","overlay-opacity":"","overlay-gradient":""},"mobile":{"background-color":"","background-image":"","background-repeat":"repeat","background-position":"center center","background-size":"auto","background-attachment":"scroll","background-type":"","background-media":"","overlay-type":"","overlay-color":"","overlay-opacity":"","overlay-gradient":""}},"ast-content-background-meta":{"desktop":{"background-color":"var(--ast-global-color-4)","background-image":"","background-repeat":"repeat","background-position":"center center","background-size":"auto","background-attachment":"scroll","background-type":"","background-media":"","overlay-type":"","overlay-color":"","overlay-opacity":"","overlay-gradient":""},"tablet":{"background-color":"var(--ast-global-color-4)","background-image":"","background-repeat":"repeat","background-position":"center center","background-size":"auto","background-attachment":"scroll","background-type":"","background-media":"","overlay-type":"","overlay-color":"","overlay-opacity":"","overlay-gradient":""},"mobile":{"background-color":"var(--ast-global-color-4)","background-image":"","background-repeat":"repeat","background-position":"center center","background-size":"auto","background-attachment":"scroll","background-type":"","background-media":"","overlay-type":"","overlay-color":"","overlay-opacity":"","overlay-gradient":""}},"footnotes":""},"class_list":["post-215","page","type-page","status-publish","hentry"],"yoast_head":"<!-- This site is optimized with the Yoast SEO plugin v27.0 - https:\/\/yoast.com\/product\/yoast-seo-wordpress\/ -->\n<title>sejour aux gorges -<\/title>\n<meta name=\"robots\" content=\"index, follow, max-snippet:-1, max-image-preview:large, max-video-preview:-1\" \/>\n<link rel=\"canonical\" href=\"https:\/\/site18.monsitecommeunpro.fr\/?page_id=215\" \/>\n<meta property=\"og:locale\" content=\"fr_FR\" \/>\n<meta property=\"og:type\" content=\"article\" \/>\n<meta property=\"og:title\" content=\"sejour aux gorges -\" \/>\n<meta property=\"og:description\" content=\"dates du s\u00e9jour : du jeudi 14 mai au dimanche 17 mai. Les 3 circuits propos\u00e9s et l&rsquo;organisation du mat\u00e9rielle [&hellip;]\" \/>\n<meta property=\"og:url\" content=\"https:\/\/site18.monsitecommeunpro.fr\/?page_id=215\" \/>\n<meta property=\"article:modified_time\" content=\"2026-03-23T13:25:56+00:00\" \/>\n<meta property=\"og:image\" content=\"https:\/\/site18.monsitecommeunpro.fr\/wp-content\/uploads\/2026\/03\/gorges-du-verdon-iStock-474863300-1024x683-1.jpg\" \/>\n\t<meta property=\"og:image:width\" content=\"1024\" \/>\n\t<meta property=\"og:image:height\" content=\"683\" \/>\n\t<meta property=\"og:image:type\" content=\"image\/jpeg\" \/>\n<meta name=\"twitter:card\" content=\"summary_large_image\" \/>\n<meta name=\"twitter:label1\" content=\"Dur\u00e9e de lecture estim\u00e9e\" \/>\n\t<meta name=\"twitter:data1\" content=\"1 minute\" \/>\n<script type=\"application\/ld+json\" class=\"yoast-schema-graph\">{\"@context\":\"https:\/\/schema.org\",\"@graph\":[{\"@type\":\"WebPage\",\"@id\":\"https:\/\/site18.monsitecommeunpro.fr\/?page_id=215\",\"url\":\"https:\/\/site18.monsitecommeunpro.fr\/?page_id=215\",\"name\":\"sejour aux gorges -\",\"isPartOf\":{\"@id\":\"https:\/\/site18.monsitecommeunpro.fr\/#website\"},\"primaryImageOfPage\":{\"@id\":\"https:\/\/site18.monsitecommeunpro.fr\/?page_id=215#primaryimage\"},\"image\":{\"@id\":\"https:\/\/site18.monsitecommeunpro.fr\/?page_id=215#primaryimage\"},\"thumbnailUrl\":\"https:\/\/site18.monsitecommeunpro.fr\/wp-content\/uploads\/2026\/03\/gorges-du-verdon-iStock-474863300-1024x683-1.jpg\",\"datePublished\":\"2026-03-23T12:45:30+00:00\",\"dateModified\":\"2026-03-23T13:25:56+00:00\",\"breadcrumb\":{\"@id\":\"https:\/\/site18.monsitecommeunpro.fr\/?page_id=215#breadcrumb\"},\"inLanguage\":\"fr-FR\",\"potentialAction\":[{\"@type\":\"ReadAction\",\"target\":[\"https:\/\/site18.monsitecommeunpro.fr\/?page_id=215\"]}]},{\"@type\":\"ImageObject\",\"inLanguage\":\"fr-FR\",\"@id\":\"https:\/\/site18.monsitecommeunpro.fr\/?page_id=215#primaryimage\",\"url\":\"https:\/\/site18.monsitecommeunpro.fr\/wp-content\/uploads\/2026\/03\/gorges-du-verdon-iStock-474863300-1024x683-1.jpg\",\"contentUrl\":\"https:\/\/site18.monsitecommeunpro.fr\/wp-content\/uploads\/2026\/03\/gorges-du-verdon-iStock-474863300-1024x683-1.jpg\",\"width\":1024,\"height\":683,\"caption\":\"Gorges du Verdon in the Provence region of France, Europe.\"},{\"@type\":\"BreadcrumbList\",\"@id\":\"https:\/\/site18.monsitecommeunpro.fr\/?page_id=215#breadcrumb\",\"itemListElement\":[{\"@type\":\"ListItem\",\"position\":1,\"name\":\"Accueil\",\"item\":\"https:\/\/site18.monsitecommeunpro.fr\/\"},{\"@type\":\"ListItem\",\"position\":2,\"name\":\"sejour aux gorges\"}]},{\"@type\":\"WebSite\",\"@id\":\"https:\/\/site18.monsitecommeunpro.fr\/#website\",\"url\":\"https:\/\/site18.monsitecommeunpro.fr\/\",\"name\":\"\",\"description\":\"\",\"potentialAction\":[{\"@type\":\"SearchAction\",\"target\":{\"@type\":\"EntryPoint\",\"urlTemplate\":\"https:\/\/site18.monsitecommeunpro.fr\/?s={search_term_string}\"},\"query-input\":{\"@type\":\"PropertyValueSpecification\",\"valueRequired\":true,\"valueName\":\"search_term_string\"}}],\"inLanguage\":\"fr-FR\"}]}<\/script>\n<!-- \/ Yoast SEO plugin. -->","yoast_head_json":{"title":"sejour aux gorges -","robots":{"index":"index","follow":"follow","max-snippet":"max-snippet:-1","max-image-preview":"max-image-preview:large","max-video-preview":"max-video-preview:-1"},"canonical":"https:\/\/site18.monsitecommeunpro.fr\/?page_id=215","og_locale":"fr_FR","og_type":"article","og_title":"sejour aux gorges -","og_description":"dates du s\u00e9jour : du jeudi 14 mai au dimanche 17 mai. Les 3 circuits propos\u00e9s et l&rsquo;organisation du mat\u00e9rielle [&hellip;]","og_url":"https:\/\/site18.monsitecommeunpro.fr\/?page_id=215","article_modified_time":"2026-03-23T13:25:56+00:00","og_image":[{"width":1024,"height":683,"url":"https:\/\/site18.monsitecommeunpro.fr\/wp-content\/uploads\/2026\/03\/gorges-du-verdon-iStock-474863300-1024x683-1.jpg","type":"image\/jpeg"}],"twitter_card":"summary_large_image","twitter_misc":{"Dur\u00e9e de lecture estim\u00e9e":"1 minute"},"schema":{"@context":"https:\/\/schema.org","@graph":[{"@type":"WebPage","@id":"https:\/\/site18.monsitecommeunpro.fr\/?page_id=215","url":"https:\/\/site18.monsitecommeunpro.fr\/?page_id=215","name":"sejour aux gorges -","isPartOf":{"@id":"https:\/\/site18.monsitecommeunpro.fr\/#website"},"primaryImageOfPage":{"@id":"https:\/\/site18.monsitecommeunpro.fr\/?page_id=215#primaryimage"},"image":{"@id":"https:\/\/site18.monsitecommeunpro.fr\/?page_id=215#primaryimage"},"thumbnailUrl":"https:\/\/site18.monsitecommeunpro.fr\/wp-content\/uploads\/2026\/03\/gorges-du-verdon-iStock-474863300-1024x683-1.jpg","datePublished":"2026-03-23T12:45:30+00:00","dateModified":"2026-03-23T13:25:56+00:00","breadcrumb":{"@id":"https:\/\/site18.monsitecommeunpro.fr\/?page_id=215#breadcrumb"},"inLanguage":"fr-FR","potentialAction":[{"@type":"ReadAction","target":["https:\/\/site18.monsitecommeunpro.fr\/?page_id=215"]}]},{"@type":"ImageObject","inLanguage":"fr-FR","@id":"https:\/\/site18.monsitecommeunpro.fr\/?page_id=215#primaryimage","url":"https:\/\/site18.monsitecommeunpro.fr\/wp-content\/uploads\/2026\/03\/gorges-du-verdon-iStock-474863300-1024x683-1.jpg","contentUrl":"https:\/\/site18.monsitecommeunpro.fr\/wp-content\/uploads\/2026\/03\/gorges-du-verdon-iStock-474863300-1024x683-1.jpg","width":1024,"height":683,"caption":"Gorges du Verdon in the Provence region of France, Europe."},{"@type":"BreadcrumbList","@id":"https:\/\/site18.monsitecommeunpro.fr\/?page_id=215#breadcrumb","itemListElement":[{"@type":"ListItem","position":1,"name":"Accueil","item":"https:\/\/site18.monsitecommeunpro.fr\/"},{"@type":"ListItem","position":2,"name":"sejour aux gorges"}]},{"@type":"WebSite","@id":"https:\/\/site18.monsitecommeunpro.fr\/#website","url":"https:\/\/site18.monsitecommeunpro.fr\/","name":"","description":"","potentialAction":[{"@type":"SearchAction","target":{"@type":"EntryPoint","urlTemplate":"https:\/\/site18.monsitecommeunpro.fr\/?s={search_term_string}"},"query-input":{"@type":"PropertyValueSpecification","valueRequired":true,"valueName":"search_term_string"}}],"inLanguage":"fr-FR"}]}},"_links":{"self":[{"href":"https:\/\/site18.monsitecommeunpro.fr\/index.php?rest_route=\/wp\/v2\/pages\/215","targetHints":{"allow":["GET"]}}],"collection":[{"href":"https:\/\/site18.monsitecommeunpro.fr\/index.php?rest_route=\/wp\/v2\/pages"}],"about":[{"href":"https:\/\/site18.monsitecommeunpro.fr\/index.php?rest_route=\/wp\/v2\/types\/page"}],"author":[{"embeddable":true,"href":"https:\/\/site18.monsitecommeunpro.fr\/index.php?rest_route=\/wp\/v2\/users\/1"}],"replies":[{"embeddable":true,"href":"https:\/\/site18.monsitecommeunpro.fr\/index.php?rest_route=%2Fwp%2Fv2%2Fcomments&post=215"}],"version-history":[{"count":3,"href":"https:\/\/site18.monsitecommeunpro.fr\/index.php?rest_route=\/wp\/v2\/pages\/215\/revisions"}],"predecessor-version":[{"id":229,"href":"https:\/\/site18.monsitecommeunpro.fr\/index.php?rest_route=\/wp\/v2\/pages\/215\/revisions\/229"}],"wp:attachment":[{"href":"https:\/\/site18.monsitecommeunpro.fr\/index.php?rest_route=%2Fwp%2Fv2%2Fmedia&parent=215"}],"curies":[{"name":"wp","href":"https:\/\/api.w.org\/{rel}","templated":true}]}}